{"id":66,"date":"2013-10-29T14:03:25","date_gmt":"2013-10-29T13:03:25","guid":{"rendered":"https:\/\/stjocouffe.fr\/?page_id=66"},"modified":"2026-03-19T11:03:47","modified_gmt":"2026-03-19T10:03:47","slug":"le-conseil-deleve","status":"publish","type":"page","link":"https:\/\/stjocouffe.fr\/?page_id=66","title":{"rendered":"Le conseil des d\u00e9l\u00e9gu\u00e9s de classe"},"content":{"rendered":"<p>Les \u00e9lections du conseil des d\u00e9l\u00e9gu\u00e9s de classe auront lieu le vendredi 10 octobre.&nbsp;<\/p>\n<p>Photo \u00e0 venir<\/p>\n<ul>\n<li>Il rassemble les d\u00e9l\u00e9gu\u00e9s du CP au CM2, la cheffe d&rsquo;\u00e9tablissement et un(e) enseignant(e) de l\u2019\u00e9cole.<\/li>\n<li>Il permet de discuter de la vie de l\u2019\u00e9cole, d\u2019\u00e9changer et de d\u00e9cider de certaines propositions.<\/li>\n<li>Il est fix\u00e9 apr\u00e8s la classe, le mardi ou jeudi soir de 16h35 \u00e0 17h20.<\/li>\n<\/ul>\n<p>Voici les dates \u00e0 retenir pour ces r\u00e9unions :<\/p>\n<div>\n<ul>\n<li><strong><span style=\"color: #00ccff;\"><a style=\"color: #00ccff;\" href=\"https:\/\/stjocouffe.fr\/wp-content\/uploads\/2025\/12\/CR-Premiere-rencontre-delegue-.pdf\">Compte-rendu du Mardi 18 novembre<\/a><\/span><\/strong><\/li>\n<li><a href=\"https:\/\/stjocouffe.fr\/wp-content\/uploads\/2026\/03\/CR-Deuxieme-rencontre-delegue-publie-internet.pdf\"><strong><span style=\"color: #00ccff;\">Compte-rendu du Jeudi 29 janvier<\/span><\/strong><\/a><\/li>\n<li><strong style=\"font-size: 15px;\"><strong><strong>Mardi 17 mars<\/strong><\/strong><\/strong><\/li>\n<\/ul>\n<\/div>\n<p>De 16h20 \u00e0 16h35, c\u2019est un temps de r\u00e9cr\u00e9ation, les d\u00e9l\u00e9gu\u00e9s prennent le go\u00fbter <span style=\"text-decoration: underline;\">offert par la directrice<\/span>, au d\u00e9but du conseil.&nbsp;Voici les d\u00e9l\u00e9gu\u00e9s et d\u00e9l\u00e9gu\u00e9s adjoints \u00e9lus. Bravo pour leur engagement au service des autres \u00e9l\u00e8ves et de l&rsquo;\u00e9cole !<\/p>\n<p><strong>En CP :&nbsp;<\/strong><\/p>\n<p><a href=\"https:\/\/stjocouffe.fr\/wp-content\/uploads\/2025\/12\/thumbnail_IMG_3710.jpg\"><img loading=\"lazy\" decoding=\"async\" class=\"alignnone size-medium wp-image-14337\" src=\"https:\/\/stjocouffe.fr\/wp-content\/uploads\/2025\/12\/thumbnail_IMG_3710-300x225.jpg\" alt=\"\" width=\"300\" height=\"225\" srcset=\"https:\/\/stjocouffe.fr\/wp-content\/uploads\/2025\/12\/thumbnail_IMG_3710-300x225.jpg 300w, https:\/\/stjocouffe.fr\/wp-content\/uploads\/2025\/12\/thumbnail_IMG_3710-1024x768.jpg 1024w, https:\/\/stjocouffe.fr\/wp-content\/uploads\/2025\/12\/thumbnail_IMG_3710-768x576.jpg 768w, https:\/\/stjocouffe.fr\/wp-content\/uploads\/2025\/12\/thumbnail_IMG_3710-1536x1152.jpg 1536w, https:\/\/stjocouffe.fr\/wp-content\/uploads\/2025\/12\/thumbnail_IMG_3710-1440x1080.jpg 1440w, https:\/\/stjocouffe.fr\/wp-content\/uploads\/2025\/12\/thumbnail_IMG_3710.jpg 1920w\" sizes=\"auto, (max-width: 300px) 100vw, 300px\" \/><\/a><\/p>\n<p>Les d\u00e9l\u00e9gu\u00e9s : Sim\u00e9on et Kaylan<\/p>\n<p><strong>En CE1 :<\/strong><\/p>\n<p><a href=\"https:\/\/stjocouffe.fr\/wp-content\/uploads\/2025\/12\/thumbnail_IMG_3711.jpg\"><img loading=\"lazy\" decoding=\"async\" class=\"alignnone size-medium wp-image-14338\" src=\"https:\/\/stjocouffe.fr\/wp-content\/uploads\/2025\/12\/thumbnail_IMG_3711-300x225.jpg\" alt=\"\" width=\"300\" height=\"225\" srcset=\"https:\/\/stjocouffe.fr\/wp-content\/uploads\/2025\/12\/thumbnail_IMG_3711-300x225.jpg 300w, https:\/\/stjocouffe.fr\/wp-content\/uploads\/2025\/12\/thumbnail_IMG_3711-1024x768.jpg 1024w, https:\/\/stjocouffe.fr\/wp-content\/uploads\/2025\/12\/thumbnail_IMG_3711-768x576.jpg 768w, https:\/\/stjocouffe.fr\/wp-content\/uploads\/2025\/12\/thumbnail_IMG_3711-1536x1152.jpg 1536w, https:\/\/stjocouffe.fr\/wp-content\/uploads\/2025\/12\/thumbnail_IMG_3711-1440x1080.jpg 1440w, https:\/\/stjocouffe.fr\/wp-content\/uploads\/2025\/12\/thumbnail_IMG_3711.jpg 1920w\" sizes=\"auto, (max-width: 300px) 100vw, 300px\" \/><\/a><\/p>\n<p>Les d\u00e9l\u00e9gu\u00e9s : Victor, No\u00e9 et Mia<\/p>\n<p><strong>En CE2\/CM1:<\/strong><\/p>\n<p><a href=\"https:\/\/stjocouffe.fr\/wp-content\/uploads\/2025\/12\/thumbnail_IMG_3713.jpg\"><img loading=\"lazy\" decoding=\"async\" class=\"alignnone size-medium wp-image-14339\" src=\"https:\/\/stjocouffe.fr\/wp-content\/uploads\/2025\/12\/thumbnail_IMG_3713-300x225.jpg\" alt=\"\" width=\"300\" height=\"225\" srcset=\"https:\/\/stjocouffe.fr\/wp-content\/uploads\/2025\/12\/thumbnail_IMG_3713-300x225.jpg 300w, https:\/\/stjocouffe.fr\/wp-content\/uploads\/2025\/12\/thumbnail_IMG_3713-1024x768.jpg 1024w, https:\/\/stjocouffe.fr\/wp-content\/uploads\/2025\/12\/thumbnail_IMG_3713-768x576.jpg 768w, https:\/\/stjocouffe.fr\/wp-content\/uploads\/2025\/12\/thumbnail_IMG_3713-1536x1152.jpg 1536w, https:\/\/stjocouffe.fr\/wp-content\/uploads\/2025\/12\/thumbnail_IMG_3713-1440x1080.jpg 1440w, https:\/\/stjocouffe.fr\/wp-content\/uploads\/2025\/12\/thumbnail_IMG_3713.jpg 1920w\" sizes=\"auto, (max-width: 300px) 100vw, 300px\" \/><\/a><\/p>\n<p>Les d\u00e9l\u00e9gu\u00e9s : Milan, L\u00e9ane, Milo et Louise<\/p>\n<p><strong>En CM1\/CM2:<\/strong><\/p>\n<p>Les d\u00e9l\u00e9gu\u00e9s : Louna et Lucas, Diane et Albin<\/p>\n<p><strong>Les comptes-rendus:<\/strong><\/p>\n<p><strong>Ann\u00e9e 2024-2025<\/strong><\/p>\n<p><a href=\"https:\/\/stjocouffe.fr\/wp-content\/uploads\/2025\/02\/CR-Premiere-rencontre-delegue.pdf\">Mardi 21 janvier<\/a><\/p>\n<p><a href=\"https:\/\/stjocouffe.fr\/wp-content\/uploads\/2025\/02\/CR-Seconde-rencontre-delegue.pdf\">Mardi 4 f\u00e9vrier<\/a><\/p>\n<p><a href=\"https:\/\/stjocouffe.fr\/wp-content\/uploads\/2025\/04\/CR-troisieme-rencontre-delegue.pdf\">Jeudi 13 mars<\/a><\/p>\n<p><a href=\"https:\/\/stjocouffe.fr\/wp-content\/uploads\/2025\/04\/CR-troisieme-rencontre-delegue.pdf\">Jeudi 3 avril<\/a><\/p>\n<p>Mardi 20 mai (<a href=\"https:\/\/stjocouffe.fr\/wp-content\/uploads\/2025\/09\/REGLEMENT-DE-LA-COUR-DE-RECREATION-25-26.pdf\">r\u00e8glement de cour<\/a> et r\u00e8gles des jeux \u00e0 jour).&nbsp;<\/p>\n<p><strong>Ann\u00e9e 2023 &#8211; 2024<\/strong><\/p>\n<p><a href=\"https:\/\/stjocouffe.fr\/wp-content\/uploads\/2023\/12\/ODJ-Premiere-rencontre-delegue-.pdf\">Jeudi 23 Novembre<\/a><\/p>\n<p><a href=\"https:\/\/stjocouffe.fr\/wp-content\/uploads\/2025\/01\/CR-Seconde-rencontre-delegue.pdf\">Jeudi 8 f\u00e9vrier<\/a><\/p>\n<p><a href=\"https:\/\/stjocouffe.fr\/wp-content\/uploads\/2025\/01\/Plan-naturalisation-cour-delegue.pdf\">Jeudi 21 mars<\/a> : essaie de naturalisation r\u00eav\u00e9e de la cour de r\u00e9cr\u00e9ation<\/p>\n","protected":false},"excerpt":{"rendered":"<p>Les \u00e9lections du conseil des d\u00e9l\u00e9gu\u00e9s de classe auront lieu le vendredi 10 octobre.&nbsp; Photo \u00e0 venir Il rassemble les d\u00e9l\u00e9gu\u00e9s du CP au CM2, la cheffe d&rsquo;\u00e9tablissement et un(e) enseignant(e) de l\u2019\u00e9cole. Il permet de discuter de la vie de l\u2019\u00e9cole, d\u2019\u00e9changer et de d\u00e9cider de certaines propositions. Il est fix\u00e9 apr\u00e8s la classe,&hellip; <br \/> <a class=\"read-more\" href=\"https:\/\/stjocouffe.fr\/?page_id=66\">Lire la suite<\/a><\/p>\n","protected":false},"author":5,"featured_media":0,"parent":0,"menu_order":0,"comment_status":"closed","ping_status":"open","template":"","meta":{"ngg_post_thumbnail":0,"footnotes":""},"class_list":["post-66","page","type-page","status-publish","hentry"],"_links":{"self":[{"href":"https:\/\/stjocouffe.fr\/index.php?rest_route=\/wp\/v2\/pages\/66","targetHints":{"allow":["GET"]}}],"collection":[{"href":"https:\/\/stjocouffe.fr\/index.php?rest_route=\/wp\/v2\/pages"}],"about":[{"href":"https:\/\/stjocouffe.fr\/index.php?rest_route=\/wp\/v2\/types\/page"}],"author":[{"embeddable":true,"href":"https:\/\/stjocouffe.fr\/index.php?rest_route=\/wp\/v2\/users\/5"}],"replies":[{"embeddable":true,"href":"https:\/\/stjocouffe.fr\/index.php?rest_route=%2Fwp%2Fv2%2Fcomments&post=66"}],"version-history":[{"count":85,"href":"https:\/\/stjocouffe.fr\/index.php?rest_route=\/wp\/v2\/pages\/66\/revisions"}],"predecessor-version":[{"id":14507,"href":"https:\/\/stjocouffe.fr\/index.php?rest_route=\/wp\/v2\/pages\/66\/revisions\/14507"}],"wp:attachment":[{"href":"https:\/\/stjocouffe.fr\/index.php?rest_route=%2Fwp%2Fv2%2Fmedia&parent=66"}],"curies":[{"name":"wp","href":"https:\/\/api.w.org\/{rel}","templated":true}]}}