{"id":2735,"date":"2016-11-09T11:02:50","date_gmt":"2016-11-09T10:02:50","guid":{"rendered":"https:\/\/stjocouffe.fr\/?page_id=2735"},"modified":"2025-09-24T17:32:44","modified_gmt":"2025-09-24T15:32:44","slug":"le-reglement-de-cour-du-site-primaire","status":"publish","type":"page","link":"https:\/\/stjocouffe.fr\/?page_id=2735","title":{"rendered":"Le r\u00e8glement de la cour de r\u00e9cr\u00e9ation \u00e9l\u00e9mentaire"},"content":{"rendered":"<p>Un r\u00e8glement de cour, propos\u00e9 l&rsquo;ann\u00e9e pass\u00e9e a \u00e9t\u00e9 reconduit pour que ce moment soit un r\u00e9el moment de jeux et de d\u00e9tente et non des situations propices au conflit.&nbsp;<a href=\"https:\/\/stjocouffe.fr\/wp-content\/uploads\/2025\/09\/REGLEMENT-DE-LA-COUR-DE-RECREATION-25-26.pdf\">Le r\u00e8glement de cour 2025-2026<\/a><\/p>\n<p>L&rsquo;ann\u00e9e 2023\/2024, Nelly STEPHAN, l&rsquo;enseignante de CE1\/CE2, a propos\u00e9 du mat\u00e9riel ou des id\u00e9es pour changer les r\u00e9cr\u00e9ations, un exemple en image !<\/p>\n<p><a href=\"https:\/\/stjocouffe.fr\/wp-content\/uploads\/2023\/12\/1-1.jpg\"><img loading=\"lazy\" decoding=\"async\" class=\"alignnone size-medium wp-image-12806\" src=\"https:\/\/stjocouffe.fr\/wp-content\/uploads\/2023\/12\/1-1-300x300.jpg\" alt=\"\" width=\"300\" height=\"300\" srcset=\"https:\/\/stjocouffe.fr\/wp-content\/uploads\/2023\/12\/1-1-300x300.jpg 300w, https:\/\/stjocouffe.fr\/wp-content\/uploads\/2023\/12\/1-1-1024x1024.jpg 1024w, https:\/\/stjocouffe.fr\/wp-content\/uploads\/2023\/12\/1-1-150x150.jpg 150w, https:\/\/stjocouffe.fr\/wp-content\/uploads\/2023\/12\/1-1-768x768.jpg 768w, https:\/\/stjocouffe.fr\/wp-content\/uploads\/2023\/12\/1-1-1536x1536.jpg 1536w, https:\/\/stjocouffe.fr\/wp-content\/uploads\/2023\/12\/1-1-1080x1080.jpg 1080w, https:\/\/stjocouffe.fr\/wp-content\/uploads\/2023\/12\/1-1.jpg 1774w\" sizes=\"auto, (max-width: 300px) 100vw, 300px\" \/><\/a> <a href=\"https:\/\/stjocouffe.fr\/wp-content\/uploads\/2023\/12\/2.jpg\"><img loading=\"lazy\" decoding=\"async\" class=\"alignnone size-medium wp-image-12807\" src=\"https:\/\/stjocouffe.fr\/wp-content\/uploads\/2023\/12\/2-300x300.jpg\" alt=\"\" width=\"300\" height=\"300\" srcset=\"https:\/\/stjocouffe.fr\/wp-content\/uploads\/2023\/12\/2-300x300.jpg 300w, https:\/\/stjocouffe.fr\/wp-content\/uploads\/2023\/12\/2-1024x1024.jpg 1024w, https:\/\/stjocouffe.fr\/wp-content\/uploads\/2023\/12\/2-150x150.jpg 150w, https:\/\/stjocouffe.fr\/wp-content\/uploads\/2023\/12\/2-768x768.jpg 768w, https:\/\/stjocouffe.fr\/wp-content\/uploads\/2023\/12\/2-1536x1536.jpg 1536w, https:\/\/stjocouffe.fr\/wp-content\/uploads\/2023\/12\/2-1080x1080.jpg 1080w, https:\/\/stjocouffe.fr\/wp-content\/uploads\/2023\/12\/2.jpg 1774w\" sizes=\"auto, (max-width: 300px) 100vw, 300px\" \/><\/a> <a href=\"https:\/\/stjocouffe.fr\/wp-content\/uploads\/2023\/12\/3-1.jpg\"><img loading=\"lazy\" decoding=\"async\" class=\"alignnone size-medium wp-image-12808\" src=\"https:\/\/stjocouffe.fr\/wp-content\/uploads\/2023\/12\/3-1-300x300.jpg\" alt=\"\" width=\"300\" height=\"300\" srcset=\"https:\/\/stjocouffe.fr\/wp-content\/uploads\/2023\/12\/3-1-300x300.jpg 300w, https:\/\/stjocouffe.fr\/wp-content\/uploads\/2023\/12\/3-1-1024x1024.jpg 1024w, https:\/\/stjocouffe.fr\/wp-content\/uploads\/2023\/12\/3-1-150x150.jpg 150w, https:\/\/stjocouffe.fr\/wp-content\/uploads\/2023\/12\/3-1-768x768.jpg 768w, https:\/\/stjocouffe.fr\/wp-content\/uploads\/2023\/12\/3-1-1536x1536.jpg 1536w, https:\/\/stjocouffe.fr\/wp-content\/uploads\/2023\/12\/3-1-1080x1080.jpg 1080w, https:\/\/stjocouffe.fr\/wp-content\/uploads\/2023\/12\/3-1.jpg 2048w\" sizes=\"auto, (max-width: 300px) 100vw, 300px\" \/><\/a><\/p>\n<p>&nbsp;<\/p>\n","protected":false},"excerpt":{"rendered":"<p>Un r\u00e8glement de cour, propos\u00e9 l&rsquo;ann\u00e9e pass\u00e9e a \u00e9t\u00e9 reconduit pour que ce moment soit un r\u00e9el moment de jeux et de d\u00e9tente et non des situations propices au conflit.&nbsp;Le r\u00e8glement de cour 2025-2026 L&rsquo;ann\u00e9e 2023\/2024, Nelly STEPHAN, l&rsquo;enseignante de CE1\/CE2, a propos\u00e9 du mat\u00e9riel ou des id\u00e9es pour changer les r\u00e9cr\u00e9ations, un exemple en&hellip; <br \/> <a class=\"read-more\" href=\"https:\/\/stjocouffe.fr\/?page_id=2735\">Lire la suite<\/a><\/p>\n","protected":false},"author":5,"featured_media":0,"parent":0,"menu_order":0,"comment_status":"closed","ping_status":"closed","template":"","meta":{"ngg_post_thumbnail":0,"footnotes":""},"class_list":["post-2735","page","type-page","status-publish","hentry"],"_links":{"self":[{"href":"https:\/\/stjocouffe.fr\/index.php?rest_route=\/wp\/v2\/pages\/2735","targetHints":{"allow":["GET"]}}],"collection":[{"href":"https:\/\/stjocouffe.fr\/index.php?rest_route=\/wp\/v2\/pages"}],"about":[{"href":"https:\/\/stjocouffe.fr\/index.php?rest_route=\/wp\/v2\/types\/page"}],"author":[{"embeddable":true,"href":"https:\/\/stjocouffe.fr\/index.php?rest_route=\/wp\/v2\/users\/5"}],"replies":[{"embeddable":true,"href":"https:\/\/stjocouffe.fr\/index.php?rest_route=%2Fwp%2Fv2%2Fcomments&post=2735"}],"version-history":[{"count":12,"href":"https:\/\/stjocouffe.fr\/index.php?rest_route=\/wp\/v2\/pages\/2735\/revisions"}],"predecessor-version":[{"id":14176,"href":"https:\/\/stjocouffe.fr\/index.php?rest_route=\/wp\/v2\/pages\/2735\/revisions\/14176"}],"wp:attachment":[{"href":"https:\/\/stjocouffe.fr\/index.php?rest_route=%2Fwp%2Fv2%2Fmedia&parent=2735"}],"curies":[{"name":"wp","href":"https:\/\/api.w.org\/{rel}","templated":true}]}}