{"id":10,"date":"2013-10-29T12:26:19","date_gmt":"2013-10-29T11:26:19","guid":{"rendered":"https:\/\/stjocouffe.fr\/?page_id=10"},"modified":"2019-01-10T18:31:25","modified_gmt":"2019-01-10T17:31:25","slug":"projet-educatif","status":"publish","type":"page","link":"https:\/\/stjocouffe.fr\/?page_id=10","title":{"rendered":"Projet \u00e9ducatif"},"content":{"rendered":"<p style=\"text-align: left;\">Le projet \u00e9ducatif est le projet qui se vit&nbsp; sur le temps le plus long, toute une scolarit\u00e9 \u00e0 l\u2019\u00e9cole primaire, soit 8 ans&nbsp;! Il est construit par les enseignants et est en quelque sorte la source de tous les autres projets, l\u2019&nbsp;\u00ab&nbsp;\u00e2me&nbsp;\u00bb de l\u2019\u00e9cole. S\u2019il fallait r\u00e9sumer le n\u00f4tre en un mot, ce serait \u00ab&nbsp;bienveillance&nbsp;\u00bb.<br \/>\nConsultez notre projet \u00e9ducatif : cliquez sur l&rsquo;image.<\/p>\n<p><strong>Nos convictions<\/strong><\/p>\n<ul>\n<li><strong>&nbsp;<\/strong>Nous voulons que les enfants soient heureux de venir \u00e0 l\u2019\u00e9cole, qu\u2019ils s\u2019y sentent bien, s\u00e9curis\u00e9s avec des r\u00e8gles claires. L\u2019\u00e9cole se doit d\u2019\u00eatre un lieu calme et serein o\u00f9 les enfants d\u00e9veloppent le plaisir et le d\u00e9sir d\u2019apprendre.<\/li>\n<li>&nbsp;Nous souhaitons que chaque enfant puisse prendre sa place en tant que personne \u00e0 l\u2019\u00e9cole et ainsi dans la soci\u00e9t\u00e9. Les enfants acqui\u00e8rent des comp\u00e9tences vari\u00e9es, les talents de chacun sont d\u00e9velopp\u00e9s et deviennent des richesses pour tous.<\/li>\n<li>&nbsp;Les adultes se doivent de porter un regard positif sur tous les membres de la communaut\u00e9 \u00e9ducative (surtout sur les enfants mais aussi sur les parents, le personnel de service, les enseignants). La communication est donc primordiale afin de garder une coh\u00e9rence \u00e9ducative.<\/li>\n<\/ul>\n<p>Ce regard positif s\u2019enracine dans le Regard du Christ. Nous vivons dans une \u00e9cole catholique, nous essayons de vivre certaines valeurs (pardon, partage, respect, attention aux autres\u2026).<\/p>\n<p>Tous ces \u00e9l\u00e9ments permettent \u00e0 chacun de s\u2019\u00e9panouir aujourd\u2019hui et de devenir demain un adulte autonome, \u00ab un homme ou une femme debout \u00bb.<\/p>\n<p><a href=\"https:\/\/stjocouffe.fr\/wp-content\/uploads\/2019\/01\/projet-educ.jpg\"><img loading=\"lazy\" decoding=\"async\" class=\"alignnone wp-image-5953 size-full\" src=\"https:\/\/stjocouffe.fr\/wp-content\/uploads\/2019\/01\/projet-educ.jpg\" alt=\"\" width=\"556\" height=\"684\" srcset=\"https:\/\/stjocouffe.fr\/wp-content\/uploads\/2019\/01\/projet-educ.jpg 556w, https:\/\/stjocouffe.fr\/wp-content\/uploads\/2019\/01\/projet-educ-244x300.jpg 244w\" sizes=\"auto, (max-width: 556px) 100vw, 556px\" \/><\/a><\/p>\n","protected":false},"excerpt":{"rendered":"<p>Le projet \u00e9ducatif est le projet qui se vit&nbsp; sur le temps le plus long, toute une scolarit\u00e9 \u00e0 l\u2019\u00e9cole primaire, soit 8 ans&nbsp;! Il est construit par les enseignants et est en quelque sorte la source de tous les autres projets, l\u2019&nbsp;\u00ab&nbsp;\u00e2me&nbsp;\u00bb de l\u2019\u00e9cole. S\u2019il fallait r\u00e9sumer le n\u00f4tre en un mot, ce serait&hellip; <br \/> <a class=\"read-more\" href=\"https:\/\/stjocouffe.fr\/?page_id=10\">Lire la suite<\/a><\/p>\n","protected":false},"author":5,"featured_media":0,"parent":39,"menu_order":0,"comment_status":"closed","ping_status":"open","template":"","meta":{"ngg_post_thumbnail":0,"footnotes":""},"class_list":["post-10","page","type-page","status-publish","hentry"],"_links":{"self":[{"href":"https:\/\/stjocouffe.fr\/index.php?rest_route=\/wp\/v2\/pages\/10","targetHints":{"allow":["GET"]}}],"collection":[{"href":"https:\/\/stjocouffe.fr\/index.php?rest_route=\/wp\/v2\/pages"}],"about":[{"href":"https:\/\/stjocouffe.fr\/index.php?rest_route=\/wp\/v2\/types\/page"}],"author":[{"embeddable":true,"href":"https:\/\/stjocouffe.fr\/index.php?rest_route=\/wp\/v2\/users\/5"}],"replies":[{"embeddable":true,"href":"https:\/\/stjocouffe.fr\/index.php?rest_route=%2Fwp%2Fv2%2Fcomments&post=10"}],"version-history":[{"count":1,"href":"https:\/\/stjocouffe.fr\/index.php?rest_route=\/wp\/v2\/pages\/10\/revisions"}],"predecessor-version":[{"id":5954,"href":"https:\/\/stjocouffe.fr\/index.php?rest_route=\/wp\/v2\/pages\/10\/revisions\/5954"}],"up":[{"embeddable":true,"href":"https:\/\/stjocouffe.fr\/index.php?rest_route=\/wp\/v2\/pages\/39"}],"wp:attachment":[{"href":"https:\/\/stjocouffe.fr\/index.php?rest_route=%2Fwp%2Fv2%2Fmedia&parent=10"}],"curies":[{"name":"wp","href":"https:\/\/api.w.org\/{rel}","templated":true}]}}